z(p) = 322*p**3 - 15*p**2 + 7*p + 8. Calculate z(-1).
-336
Let k(o) = -o**2 - 25*o - 46. Determine k(-27).
-100
Let w(f) = -f**3 - 26*f**2 - 1489*f - 45701. Calculate w(-29).
3
Let a(z) = -z**2 - 1257*z + 3783. Calculate a(3).
3
Let n(i) = -12228*i - 48914. What is n(-4)?
-2
Let m(h) = -h**2 - 387*h - 1522. Determine m(-4).
10
Let w(n) = 536*n + 17204. Calculate w(-32).
52
Let g(l) = -l**3 + 28*l**2 - 76*l + 30. Determine g(25).
5
Let r(u) = -u**3 + 29*u**2 - 27*u - 16. Determine r(28).
12
Let c(u) = -19*u - 767. Determine c(-40).
-7
Let k(a) = a**2 + 18*a - 1112. Give k(-44).
32
Let m(g) = -35*g**2 - 170*g + 29. Give m(-5).
4
Let b(y) = y**2 + 26*y - 161. Calculate b(-34).
111
Let t(o) = -61*o**3 - 3*o**2 - 5*o - 11. Calculate t(-2).
475
Let b(i) = 24*i**2 - 8*i + 9. Determine b(1).
25
Let p(x) = -x**3 + 6*x**2 + 18*x + 21. Determine p(9).
-60
Let j(q) = 5*q**3 + 52*q**2 + 25*q + 56. Calculate j(-10).
6
Let t(w) = -12*w - 148. Calculate t(-26).
164
Let d(v) = 127*v + 4911. Calculate d(-39).
-42
Let y(d) = -d**3 - 35*d**2 + 31*d - 64. Calculate y(-36).
116
Let y(d) = -57*d**3 + 3*d**2 + 10*d + 7. Calculate y(-1).
57
Let p(u) = -45*u + 217. What is p(5)?
-8
Let j(g) = 35*g**2 - 283*g + 44. Determine j(8).
20
Let t(n) = n**2 + 26*n - 129. Give t(-35).
186
Let n(d) = -1290*d**3 - 7738*d**2 + 20*d + 42. Determine n(-6).
-6
Let q(j) = 4*j**2 + 2*j - 22. Calculate q(-3).
8
Let b(a) = a**3 - 25*a**2 - 903*a + 48. Calculate b(45).
-87
Let n(s) = 11*s**2 - 19*s + 36. What is n(6)?
318
Let l(t) = t**3 + 25*t**2 + 74*t + 61. Calculate l(-22).
-115
Let n(f) = -120*f - 2393. Calculate n(-20).
7
Let d(c) = -6*c**2 - 24*c + 261. Give d(-9).
-9
Let d(k) = 73*k**2 - 8*k + 8. Give d(1).
73
Let t(i) = -44*i - 743. Calculate t(-21).
181
Let y(a) = -227*a - 1816. Calculate y(-8).
0
Let h(d) = 2*d**3 + 17*d**2 + 45*d. Determine h(-3).
-36
Let q(i) = -848*i - 22071. Calculate q(-26).
-23
Let r(x) = 22*x - 74. What is r(-8)?
-250
Let f(r) = 105*r - 314. Give f(3).
1
Let t(w) = 2*w**2 + 114*w - 1963. Determine t(14).
25
Let a(l) = -l**3 - 263*l**2 + 343*l + 20851. Determine a(-264).
-5
Let y(h) = 8*h - 3. Calculate y(16).
125
Let s(v) = -131*v + 1425. Calculate s(11).
-16
Let w(y) = y**2 - 300*y + 605. Calculate w(2).
9
Let d(i) = 4*i**2 + 27*i - 50. Determine d(2).
20
Let j(b) = 580*b - 6375. Calculate j(11).
5
Let v(o) = o**2 + 48*o + 262. Determine v(-46).
170
Let r(c) = -110*c - 329. What is r(-3)?
1
Let u(t) = t**3 - 41*t**2 + 266*t - 39. What is u(33)?
27
Let t(v) = -v**3 - 23*v**2 + 234*v + 717. Give t(-30).
-3
Let k(s) = s**2 + 685*s + 11363. What is k(-17)?
7
Let v(q) = -31*q**2 - 870*q - 151. Calculate v(-28).
-95
Let j(a) = -2*a**3 - 40*a**2 - a + 711. Calculate j(-19).
8
Let x(f) = -f**3 + 4*f**2 + 150*f - 161. Calculate x(-11).
4
Let w(i) = 4*i - 50. Give w(21).
34
Let v(o) = 465*o + 163685. Give v(-352).
5
Let d(o) = o**3 + 31*o**2 - o - 55. Calculate d(-31).
-24
Let x(i) = -7*i + 99. Determine x(12).
15
Let y(g) = -g**3 - 45*g**2 - 311*g + 122. What is y(-9)?
5
Let h(j) = j**2 - 61*j + 383. Give h(54).
5
Let g(l) = -l**2 - 111*l - 814. What is g(-103)?
10
Let u(g) = g**3 - 7*g**2 + 8*g - 8. What is u(4)?
-24
Let i(l) = -l**2 - 6*l + 264. Determine i(14).
-16
Let c(h) = h**2 - 128*h - 5578. Determine c(162).
-70
Let a(v) = v**2 - 40*v + 91. Give a(42).
175
Let a(i) = -29*i**2 - 316*i + 26. Determine a(-11).
-7
Let d(g) = -17*g + 226. Determine d(18).
-80
Let d(u) = 7*u**2 - 29*u - 141. What is d(7)?
-1
Let f(c) = -98*c - 301. Calculate f(-3).
-7
Let r(q) = 98*q**3 + 3*q**2 + 20*q - 21. What is r(1)?
100
Let f(p) = -p**2 + 67*p - 82. What is f(0)?
-82
Let n(c) = c**3 + 86*c**2 + 245*c - 330. Calculate n(-83).
2
Let z(n) = -27*n + 1232. Determine z(62).
-442
Let w(h) = -863*h**2 + 18*h. Give w(-1).
-881
Let h(u) = u**3 + 19*u**2 - 40*u + 43. Determine h(-21).
1
Let w(b) = -b**2 + 7*b - 128. Determine w(14).
-226
Let d(u) = u**3 - 6*u**2 + 4*u + 38. What is d(6)?
62
Let p(c) = 358*c - 1758. Give p(5).
32
Let u(a) = -91*a + 2432. What is u(27)?
-25
Let o(q) = 18568*q + 18565. Calculate o(-1).
-3
Let i(q) = -41*q + 3859. What is i(94)?
5
Let k(g) = 5*g**3 + g**2 + 5*g - 7. Determine k(1).
4
Let v(o) = o**3 - 10*o**2 - 70*o + 426. Calculate v(5).
-49
Let a(q) = 15*q + 48. Determine a(-10).
-102
Let z(o) = -11*o**3 + 28*o**2 + 4. Give z(3).
-41
Let g(f) = -3*f**2 - 21*f + 48. Determine g(2).
-6
Let r(b) = -b**2 - 27*b + 24. Calculate r(-18).
186
Let w(y) = -20*y**3 - 14*y**2 + 2. Calculate w(2).
-214
Let a(q) = -131*q - 955. Calculate a(-8).
93
Let z(y) = 42*y**2 - 548*y + 14. Calculate z(13).
-12
Let q(w) = 3*w**3 - 26*w**2 + 29*w + 10. Give q(6).
-104
Let z(h) = -3*h**3 - 11*h**2 - 41*h - 200. Calculate z(-5).
105
Let h(o) = -100*o - 2531. What is h(-25)?
-31
Let m(r) = r**2 + 4*r - 68. Determine m(-15).
97
Let l(t) = -250*t - 246. What is l(-1)?
4
Let u(r) = r**3 - 15*r**2 - 8*r + 318. Determine u(14).
10
Let l(y) = -366*y + 3246. Give l(9).
-48
Let t(n) = 14*n**2 - 234*n - 25. What is t(17)?
43
Let h(a) = -119*a**2 + 477*a - 12. Determine h(4).
-8
Let o(i) = 2*i**2 + 30*i - 275. Give o(-21).
-23
Let p(v) = 3*v**3 + 229*v**2 + 76*v + 8. Determine p(-76).
8
Let u(x) = x**3 - 6*x**2 - 134*x + 263. Determine u(2).
-21
Let o(v) = 5*v + 641. Give o(44).
861
Let t(v) = v**3 - 13*v**2 + 34*v + 40. Give t(9).
22
Let w(v) = v**2 - 23*v - 125. Calculate w(30).
85
Let z(x) = 3*x**3 + 3*x**2 + 11*x - 2. Give z(-2).
-36
Let f(m) = 801*m - 4004. Calculate f(5).
1
Let z(y) = y**3 + 83*y**2 + 157*y - 455. Determine z(-81).
-50
Let g(d) = -d**3 - 33*d**2 - 111*d + 67. Determine g(-29).
-78
Let q(w) = -10*w**2 + 51*w - 2. Calculate q(5).
3
Let d(k) = 39*k**2 + 6*k + 1. Determine d(1).
46
Let o(x) = x**3 - 5*x**2 + 8*x - 2. Give o(5).
38
Let j(x) = x**2 + 52*x - 339. Give j(-59).
74
Let o(b) = -280*b + 255. Calculate o(3).
-585
Let r(u) = -7*u**2 - 81*u - 202. Determine r(-8).
-2
Let i(r) = -2*r + 54. What is i(-11)?
76
Let u(d) = d**3 + 85*d**2 + 252*d + 368. Determine u(-82).
-124
Let d(y) = 57*y**2 + 352*y - 72. Give d(-7).
257
Let l(z) = z**3 - 6*z**2 + 20*z - 180. Give l(7).
9
Let o(b) = -9*b**3 - 4*b - 8. What is o(3)?
-263
Let a(l) = -797*l + 62966. Determine a(79).
3
Let l(f) = 6*f**2 + 5*f - 98. Determine l(-11).
573
Let w(n) = 2*n**3 + 25*n**2 - 1302*n + 26. Determine w(20).
-14
Let l(o) = 557*o - 35634. Calculate l(64).
14
Let g(x) = 2*x**2 - 336*x + 996. Determine g(3).
6
Let u(t) = 40*t - 372. Give u(12).
108
Let s(g) = 593*g + 2356. Give s(-4).
-16
Let s(n) = 9*n**2 + 203*n - 620. Give s(3).
70
Let i(h) = -h**2 - 157*h + 4386. What is i(-181)?
42
Let i(n) = -n**2 - 6*n + 150. Give i(-13).
59
Let c(b) = b**3 - 8*b**2 - 14*b + 8. Calculate c(-2).
-4
Let w(f) = 3*f**3 + 2*f**2 - 34*f + 65. Determine w(2).
29
Let v(g) = g**3 - 20*g**2 + 34*g + 31. Calculate v(12).
-713
Let x(l) = -l**3 - 60*l**2 - 325*l - 58. Calculate x(-54).
-4
Let q(s) = -40*s**2 - 204*s - 8. Determine q(-5).
12
Let h(p) = p**3 - 38*p**2 + 44*p - 3025. What is h(39)?
212
Let h(w) = -w**3 + 5*w**2 + 154*w - 605. Give h(-12).
-5
Let l(j) = j**3 - 9*j**2 + 40*j - 197. Determine l(8).
59
Let t(w) = -3*w**2 + 141*w + 1112. What is t(-7)?
-22
Let y(c) = -3*c**3 - 73*c**2 - 443*c - 123. What is y(-10)?
7
Let b(w) = 23*w**3 + 4*w**2 - 15*w + 20. What is b(2)?
190
Let b(m) = 96*m + 3942. Give b(-41).
6
Let r(q) = 1857*q + 16708. Determine r(-9).
-5
Let d(i) = i**3 + 10*i**2 + 9*i + 3. Give d(-9).
3
Let z(p) = -283*p + 914. What is z(6)?
-784
Let t(g) = 33*g + 262. What is t(-46)?
-1256
Let x(r) = 49*r - 12. Determine x(6).
282
Let t(v) = v**3 - 13*v**2 + 23*v + 141. Determine t(8).
5
Let a(l) = 9*l**2 + 222*l - 223. Determine a(1).
8
Let y(f) = f**2 + 34*f - 490. Determine y(-45).
5
Let a(n) = -n**3 - 6*n**2 + 14*n + 94. What is a(-5)?
-1
Let f(t) = -15*t**2 + 8*t + 12. Give f(-2).
-64
Let x(b) = -145*b + 169. Calculate x(1).
24
Let o(w) = -18*w**2 - 5*w - 5. Determine o(-1).
-18
Let w(j) = -4*j**2 - 25*j + 148. Calculate w(4).
-16
Let x(y) = 666*y - 1322. Calculate x(2).
10
Let u(t) = -t**3 - 15*t**2 - 46*t - 23. Determine u(-6).
-71
Let k(x) = 2*x**2 + 304*x - 14. Give k(-152).
-14
Let u(k) = 122*k - 2558. Determine u(21).
4
Let p(c) = 3*c**2 + 213*c - 1138. Calculate p(5).
2
Let z(c) = c**2 + 145*c